e of 28 - (-3 - -16) - 28?
-13
Calculate 9 + -34 + (27 - -22) + (-1 - 9) - 4.
10
What is the value of 13 - (-45 + 23 - -30) - ((-2 - 18) + 0)?
25
Calculate -10 + 24 + 1 + -207 + 190.
-2
What is -219 - -216 - ((-1 - 4) + -83 + 3)?
82
What is the value of -46 + (12 + 2 - (-138 + 133))?
-27
(-36 - -1) + (242 - 188)
19
What is the value of -33 - (-23 - -52) - -5?
-57
What is 40 + (32 - (241 - (25 - -19)))?
-125
Evaluate -52 - (6 - 13 - (9 + -2 + -6 + 2)).
-42
Calculate -14 + -1 - (-87 - (-146 - -21)) - -14.
-39
What is the value of -34 - (-31 + 23 + -14)?
-12
What is -26 - (45 + -21) - -40?
-10
Evaluate 0 + -129 - (151 + -259).
-21
(-55 - -208) + (-91 - 17)
45
What is the value of 14 + -14 + (4 - 18) + 5 - -5?
-4
What is 50 + -169 + (48 - -4)?
-67
(1 - 2) + 2 + -5 + -103 + 98 + 4
-5
What is the value of 16 + -20 - (-3 - 8) - (1 - (-3 - 2))?
1
Evaluate 29 + (-27 - -6) + 6.
14
What is (9 - (-27 + -36 + 111)) + (0 - 9)?
-48
Calculate (-136 - -56 - 13) + 6.
-87
Evaluate (4 - ((-2 - -10) + -11)) + (-5 - (2 + 51)).
-51
Evaluate 2 + 24 - (-84 + (87 - 39)).
62
What is the value of -132 + 84 + -7 + -38?
-93
Evaluate -42 + -16 + (42 - 54 - (-19 - 1) - -1).
-49
-10 + (5 - (-42 - (-2 + 5))) + (-103 - -105)
42
Evaluate 63 - (-2 + 3 + -15 - (121 + -129) - 1).
70
What is -8 + 63 + (-87 - -37)?
5
122 + -15 - (83 + -74)
98
Calculate (8 - (171 + -180 - (16 - 1))) + -7.
25
Evaluate 10 - (-7 - (-58 - 25) - 3).
-63
Evaluate (-24 + -4 + 14 - -21) + (-1 - 83).
-77
Calculate 19 + (17 - (-21 + 64)) - 82.
-89
Evaluate -106 - (137 - (15 - -106)).
-122
Evaluate (8 + (14 - 24) - (28 + -42)) + -73.
-61
(588 - 567) + (1 + 23 - -2)
47
-37 - ((-5 - -13) + -27)
-18
What is 66 + (-63 - -140) + -183?
-40
-10 + (48 - -1) + 26 + -46 + 20 + -6
33
What is the value of (9 - (-1 - -1)) + 18 + (-84 - -29) + 28?
0
Calculate 36 + -19 + -57 + (-12 + 6 - -9) + -8.
-45
Calculate -1 + (11 - 3) - (-13 - (9 + 0 - 9)).
20
Calculate 68 - (175 - 129) - (-26 + -1).
49
What is the value of -49 + (84 - -90 - 64)?
61
(7 - (-33 + 62) - (-8 - -1)) + 76
61
5 + 0 + -60 + 111
56
What is the value of 4 + 6 + -1 + (-25 - -9 - -12 - -10)?
15
(-2 + 63 + -11 - 5) + 3 - (11 - 11)
48
52 - 2 - ((10 + -14 + 15 - -5) + -7)
41
Calculate 135 + -155 - (-10 + 7 - -6).
-23
What is the value of -41 - (3 + 10 - (4 - -24))?
-26
What is the value of (-11 - -18 - (-9 + -1)) + -14 + 7?
10
What is 19 + 32 - ((-1 - 1) + 5)?
48
What is -72 + 35 + 94 + -70?
-13
What is -45 - (-3 - (-51 - -10)) - -4?
-79
0 + -98 + (-101 - -101) + (0 - 3) + -11
-112
What is -35 + 5 - (-39 - (-12 + -12))?
-15
What is 10 + 4 - ((1 - -12) + (-101 - -104))?
-2
22 + (-481 + 499 - (0 - -38)) + 14
16
Evaluate -118 - (-132 - 31) - (-11 + 1).
55
(5 - -1 - 6 - -15 - (47 - 56)) + -10
14
Calculate (27 - (9 + -6)) + -9 + (1 - (-9 - -14)).
11
Evaluate 77 - (-126 + (200 - 61)).
64
What is (-15 - (30 - -27)) + 4 + -5 + 4?
-69
Evaluate 51 - (10 + 0 + (23 + 27 + -41 - 24)).
56
Calculate 1 - 47 - -104 - -22.
80
-52 - (-4 + 34 - 101)
19
Calculate 1 - -65 - (-635 + 656) - 6.
39
-14 + 1 + (15 - 5 - (-7 + (85 - 20)))
-61
Evaluate (-12 - 1) + 5 + 0 + -4 - -22.
10
What is the value of 51 + 4 + -4 + (37 - -47) + -96?
39
Evaluate -28 + 21 + -12 + -21 + 10 + 1.
-29
Evaluate 10 + (-8 - (12 - (-10 - -11) - -25)) + -5.
-39
What is (71 - 142) + 99 + -30?
-2
What is -43 - (-24 + (10 - (-28 - -32)))?
-25
(0 - (5 + -10)) + (-34 - 47)
-76
1 + (-2 + 20 - 16 - -31)
34
What is -44 + (-22 - (3 - (-19 + 32)))?
-56
What is the value of (28 - (25 + -7) - 10) + (-6 - 2) + -39?
-47
What is (-39 - -48) + (-3 - 18) + (-1 - (7 - 73))?
53
(-106 - -51 - -48) + -2 + 44
35
Calculate (-1 + 36 - 8) + -56.
-29
What is 124 - (-12 + 1 + 20) - (16 + -1)?
100
What is -22 - (-45 + 109) - (-27 - -31)?
-90
-23 + 51 + -18 - (-5 - 19) - (5 + -15)
44
What is the value of (-1 + 0 - (3 + 0) - (-152 - -155)) + -5?
-12
28 + -1 - (22 + -3 - (115 - 108))
15
Evaluate (47 - 68) + -40 - -46.
-15
Evaluate (5 - (2 - 9)) + 52 + -106.
-42
12 + 13 + -27 - (19 + -24 + 0 + -5)
8
(-7 - -16 - 5 - 18) + -23 + -8
-45
-448 + 595 - (32 + -9)
124
97 - (-3 + -3) - (56 + (45 - 90))
92
What is 31 - (15 + 7 + -6) - 28?
-13
What is -2 + 15 - (-35 - -89) - -11?
-30
What is (-4 - (-84 + -4)) + -23 + 37 + 2?
100
Evaluate -6 - 48 - (100 + -126).
-28
36 - ((5 - -65 - 35 - 56) + 10 + -1)
48
What is the value of (-72 - -26) + 45 - 5?
-6
Evaluate -12 + 1 + (-200 - -206) - 10.
-15
What is the value of -1 + -79 + (-5 + 10 + 6 - (-51 - -63))?
-81
-4 - (171 + 60 + -126)
-109
772 + -773 - (85 - (3 - 9))
-92
What is the value of (-6 - 103) + (198 - 137)?
-48
Evaluate (-13 - -36) + -33 + 2 + 13 - 43.
-38
Calculate (-1835 - -1833) + -2 + -5 + -2.
-11
What is -7 + 3 + 6 + -15 + 21 + -66 + 9?
-49
113 - ((-67 - -171) + 33)
-24
Evaluate -24 + -32 + 92 + -116.
-80
What is -7 - -7 - (15 - 6 - 47) - 4?
34
Evaluate -12 + -3 + 2 - (-87 - -57).
17
Calculate -56 + 60 + -55 - (2 + -1 + 1 + -1).
-52
Evaluate -5 + -8 + 0 + 13 - (-12 - -5 - -78).
-71
Calculate 8 + (33 - 11 - -22 - 8).
44
What is the value of -4 + (65 - 18) + -14 - 92?
-63
Calculate -12 + ((-4 - -9) + 6 + -46 - (-48 - -46)).
-45
-57 - ((-15 - -6) + 5 - -5 - (-4 + -3))
-65
What is -92 + (-10 - (-18 + (62 - 32)))?
-114
Evaluate 2 + (15 - (2 + -1 + 108 + -117)).
25
25 + 12 + (10 - 17) + -24
6
What is 10 - ((-40 - (-22 + -35)) + -131)?
124
What is -83 + 102 + (8 - 81 - -12)?
-42
72 + (-35 - (2 + -18)) - 10
43
Calculate (-64 + 53 - -10) + -40.
-41
Calculate 25 + (-4 - (85 - 46)).
-18
37 + -35 - -20 - 15
7
657 + -667 + (-24 - (2 - 4) - -1)
-31
Evaluate (-5 - (-9 - 5)) + (-28 - -11) + 15 + -54.
-47
What is -3 - -13 - (216 + -180)?
-26
(-12 - -10 - -11) + (2 - (-20 + -4)) - 4
31
Calculate (-6 - (24 + -27)) + 43 + 1 + 11.
52
1 + -5 + 3 + 9 + -27 + -13
-32
Evaluate 33 + 45 + -106 + -16 + (-1 - 11) + 0.
-56
What is the value of (1 - -2) + -29 + (1483 - 1499)?
-42
What is (-104 - -26) + -10 + (-3 - 0) + (-16 - -9)?
-98
What is the value of 24 + -9 + -22 - (4 - 4 - -18)?
-25
Calculate -17 + (7 - (2 + -42 + -4)).
34
Calculate (34 - (-31 - -123)) + (-4 - 1) + (-4 - -1).
-66
What is the value of 40 - (-70 + 43) - 35?
32
Evaluate (-7 - -1) + (-14 + (-66 - (1 - 13)) - -13).
-61
What is the value of (-99 - -30) + 27 + 13 - -16?
-13
Calculate -2 + -96 - (-2579 + 2548).
-67
What is -28 + -108 - -106 - (0 - 12)?
-18
Evaluate 21 + 93 + -54 - 79.
-19
Calculate -7 + -2 - ((-11 - 27) + 31) - 0.
-2
Calculate (-56 - -160) + -92 - -68.
80
Calculate (-19 + 3 + 7 - -44) + -7.
28
Evaluate -18 + (8 - (-15 - (6 + -8 + -10))).
-7
Evaluate 16 + 3 + -32 + (-17 - -35).
5
-9 + (4 - (-37 + 68)) + -10 + 1
-45
Evaluate (-12 - ((24 - -2) + 73 + -83)) + -12.
-40
(37 - (12 - -29)) + -95 - 1
-100
Evaluate 133 - ((63 - 131) + 93).
108
What is the value of -35 - (38 + -86 + 38)?
-25
Calculate 42 - 3 - (127 + -64).
-24
What is the value of -4 - 4 - -12 - -10 - 31?
-17
Evaluate 1 + -20 + (-882 + 856 - (-1 + -25)).
-19
What is (-4 - 15 - (-24 + -8)) + -14?
-1
What is the value of -47 + (18 - 77) - -140?
34
Evaluate (-10 + (22 - -18) - -54) + -4 + 4.
84
Evaluate (-13 + 13 - (0 + -2)) + -2422 + 2499.
79
(-10 - (13 + 99)) + (3 - (12 - 18))
-113
What is -5 + (-3 - -9 - -12 - 10) + 18?
21
(-11 - (38 + -6)) + 63
20
Evaluate -225 - -224 - (3 - 45).
41
-152 + 150 - (-21 - 3 - -5)
17
What is the value of 8 + (-1 + -6 + 1 + -6220 + 6233 - -8)?
23
What is 35 - (57 + -28 + -25 - -102)?
-71
(1101 - 882 - (47 + -2)) + -46
128
Evaluate 13 - (-7 + 8 + -15 + 13 + -6).
20
Calculate (1 - 33) + (-39 - 8 - -38).
-41
Calculate -229 + 139 - (33 + -97).
-26
Evaluate -39 + (-9 - -49) + 36.
37
Evaluate -5 - (11 + (1 - -4 - 0) + (32 - 11)).
-42
What is the value of (111 - -53) + -91 - 179?
-106
What is the value of -36 - (26 + (5 - 19) + -47)?
-1
What is the value of 11 + (-25 - -8) + 0 + -26 + (4 - 2)?
-30
Calculate 2 + -53 + (6075 - 6032) + (34 - (0 - 1)).
27
What is the value of (14 - -4) + (-579 - -520)?
-41
Evaluate 12 - (36 + -50 + 64).
-38
7 + -44 + 21 + (13 - (18 - -9))
-30
Evaluate 2541 + -2508 - (-1 + (5 - 11)).
40
Evaluate 2 + -9 + (-11 - (-7 + 3 + -1)).
-13
Evaluate -19 + 69 + -51 - (0 - 2).
1
94 + -36 - 117 - -23
-36
Evaluate 16 + (36 - -31) + -88.
-5
What is (101 - 82 - (-4 + 11)) + 16?
28
(-15 - -45) + 21 + -17 + -15
19
What is (29 + -23 - -7 - -6) + -50?
-31
Evalu